.
21
Calculate the highest common factor of 671 and 793.
61
Calculate the highest common factor of 140 and 5540.
20
Calculate the highest common divisor of 720 and 15.
15
Calculate the highest common divisor of 225 and 100.
25
What is the highest common factor of 354 and 15458?
118
What is the highest common divisor of 870 and 30?
30
Calculate the greatest common divisor of 19264 and 258.
86
What is the highest common divisor of 132 and 11?
11
What is the highest common factor of 117 and 54?
9
What is the highest common divisor of 5 and 45?
5
Calculate the greatest common divisor of 119 and 357.
119
What is the highest common factor of 192 and 24?
24
What is the highest common divisor of 27 and 963?
9
Calculate the greatest common divisor of 16 and 448.
16
Calculate the greatest common divisor of 925 and 37.
37
What is the highest common factor of 432 and 32?
16
What is the highest common factor of 173 and 23701?
173
Calculate the highest common factor of 31 and 155.
31
Calculate the highest common divisor of 583 and 11.
11
Calculate the highest common divisor of 54 and 297.
27
Calculate the greatest common divisor of 28 and 42.
14
Calculate the greatest common divisor of 70 and 245.
35
What is the greatest common divisor of 1 and 113?
1
What is the highest common factor of 142 and 497?
71
What is the greatest common divisor of 60 and 435?
15
What is the highest common factor of 60 and 6060?
60
What is the greatest common divisor of 120 and 165?
15
Calculate the highest common divisor of 3667 and 772.
193
What is the highest common divisor of 3 and 129?
3
Calculate the highest common divisor of 105 and 2.
1
Calculate the greatest common factor of 25 and 130.
5
What is the greatest common divisor of 2107 and 147?
49
What is the highest common factor of 46 and 184?
46
Calculate the greatest common factor of 10107 and 18.
9
What is the greatest common divisor of 54 and 39366?
54
What is the greatest common divisor of 12 and 96?
12
Calculate the greatest common divisor of 5 and 240.
5
What is the greatest common factor of 195 and 156?
39
What is the highest common factor of 18 and 126?
18
Calculate the greatest common factor of 60 and 16620.
60
What is the greatest common divisor of 21 and 42?
21
What is the greatest common factor of 632 and 8?
8
Calculate the highest common factor of 39 and 5161.
13
Calculate the greatest common divisor of 912 and 48.
48
Calculate the highest common divisor of 833 and 51.
17
What is the greatest common divisor of 28 and 35924?
28
Calculate the highest common divisor of 320 and 240.
80
Calculate the highest common divisor of 14 and 2401.
7
What is the greatest common divisor of 3486 and 30?
6
What is the greatest common divisor of 290 and 20?
10
Calculate the greatest common divisor of 9 and 531.
9
What is the highest common divisor of 243 and 702?
27
What is the greatest common factor of 972 and 84?
12
Calculate the greatest common factor of 14 and 11466.
14
What is the greatest common divisor of 127 and 8128?
127
Calculate the greatest common divisor of 57 and 2299.
19
Calculate the highest common divisor of 255 and 595.
85
What is the highest common divisor of 53 and 1961?
53
Calculate the greatest common factor of 323 and 95.
19
Calculate the greatest common factor of 539 and 693.
77
Calculate the greatest common divisor of 840 and 60.
60
Calculate the greatest common factor of 18564 and 136.
68
What is the greatest common factor of 138 and 4623?
69
What is the highest common factor of 2 and 118?
2
Calculate the greatest common divisor of 24 and 906.
6
What is the greatest common divisor of 808 and 8?
8
Calculate the greatest common factor of 33 and 9.
3
Calculate the greatest common factor of 8493 and 57.
57
What is the highest common divisor of 1769 and 29?
29
Calculate the highest common factor of 425 and 85.
85
Calculate the greatest common factor of 1128 and 60.
12
What is the highest common divisor of 350 and 25?
25
Calculate the highest common factor of 15 and 105.
15
What is the highest common divisor of 4 and 28?
4
What is the highest common factor of 76 and 840?
4
Calculate the highest common factor of 3 and 168.
3
Calculate the highest common factor of 5971 and 14.
7
Calculate the greatest common factor of 1265 and 110.
55
What is the greatest common factor of 988 and 152?
76
What is the highest common factor of 1392 and 96?
48
What is the greatest common factor of 2 and 2?
2
Calculate the greatest common factor of 92 and 6417.
23
What is the greatest common divisor of 90 and 750?
30
What is the highest common factor of 62 and 1?
1
Calculate the highest common factor of 116 and 87.
29
What is the greatest common factor of 88 and 6248?
88
Calculate the highest common factor of 730 and 10.
10
What is the greatest common divisor of 36 and 639?
9
What is the greatest common divisor of 2242 and 38?
38
What is the highest common factor of 46 and 4209?
23
What is the greatest common factor of 32 and 1?
1
What is the highest common divisor of 5 and 8345?
5
What is the highest common divisor of 1656 and 144?
72
What is the greatest common factor of 224 and 512?
32
Calculate the greatest common factor of 2294 and 186.
62
What is the greatest common factor of 644 and 23?
23
Calculate the highest common divisor of 42 and 408.
6
What is the highest common divisor of 14 and 2653?
7
Calculate the highest common factor of 240 and 1040.
80
Calculate the greatest common divisor of 9710 and 20.
10
What is the highest common factor of 3 and 831?
3
Calculate the highest common divisor of 15 and 345.
15
What is the greatest common factor of 21451 and 38?
19
What is the greatest common divisor of 150 and 60?
30
What is the greatest common divisor of 24 and 72?
24
What is the highest common divisor of 120 and 1088?
8
Calculate the highest common factor of 32 and 272.
16
Calculate the highest common divisor of 75 and 2445.
15
What is the greatest common factor of 184 and 7544?
184
Calculate the greatest common factor of 12 and 3102.
6
What is the greatest common divisor of 28 and 6272?
28
What is the greatest common divisor of 506 and 22?
22
Calculate the greatest common factor of 2272 and 32.
32
What is the highest common divisor of 3528 and 576?
72
Calculate the greatest common divisor of 294 and 42.
42
What is the highest common divisor of 45 and 495?
45
Calculate the greatest common factor of 12 and 304.
4
Calculate the highest common divisor of 114 and 209.
19
Calculate the greatest common factor of 150 and 375.
75
What is the greatest common divisor of 44 and 4081?
11
What is the greatest common factor of 2754 and 5202?
306
Calculate the highest common divisor of 6 and 4314.
6
Calculate the greatest common divisor of 144 and 192.
48
What is the greatest common factor of 77 and 119?
7
Calculate the greatest common divisor of 6108 and 12.
12
Calculate the greatest common divisor of 357 and 1309.
119
Calculate the highest common divisor of 3 and 1563.
3
Calculate the highest common divisor of 144 and 18.
18
Calculate the greatest common factor of 2110 and 20.
10
What is the greatest common factor of 180 and 12?
12
Calculate the greatest common divisor of 53 and 53.
53
What is the greatest common divisor of 99 and 1557?
9
Calculate the highest common divisor of 54 and 36.
18
What is the greatest common divisor of 286 and 55?
11
What is the highest common divisor of 35 and 40?
5
What is the highest common divisor of 296 and 40?
8
Calculate the greatest common divisor of 37 and 25.
1
What is the highest common divisor of 296 and 24?
8
What is the greatest common divisor of 1764 and 21?
21
What is the greatest common factor of 31 and 2263?
31
Calculate the greatest common factor of 3133 and 104.
13
What is the greatest common factor of 160 and 305?
5
Calculate the greatest common divisor of 414 and 6.
6
Calculate the highest common factor of 26 and 1274.
26
Calculate the greatest common divisor of 128 and 1024.
128
What is the highest common factor of 33 and 67584?
33
Calculate the highest common factor of 140 and 105.
35
Calculate the highest common factor of 270 and 360.
90
Calculate the greatest common divisor of 497 and 142.
71
What is the highest common divisor of 10491 and 78?
39
Calculate the highest common divis